{"id":190,"date":"2025-08-31T22:03:00","date_gmt":"2025-08-31T22:03:00","guid":{"rendered":"https:\/\/aanessa.com\/jape\/?page_id=190"},"modified":"2025-09-08T12:15:41","modified_gmt":"2025-09-08T12:15:41","slug":"palvelut","status":"publish","type":"page","link":"https:\/\/aanessa.com\/jarmo\/palvelut\/","title":{"rendered":"Palvelut"},"content":{"rendered":"\t\t<div data-elementor-type=\"wp-page\" data-elementor-id=\"190\" class=\"elementor elementor-190\">\n\t\t\t\t<div class=\"elementor-element elementor-element-639372b5 e-con-full e-flex e-con e-parent\" data-id=\"639372b5\" data-element_type=\"container\">\n\t\t\t\t<div class=\"elementor-element elementor-element-18938898 elementor-widget elementor-widget-text-editor\" data-id=\"18938898\" data-element_type=\"widget\" data-widget_type=\"text-editor.default\">\n\t\t\t\t\t\t\t\t\t<h1><img decoding=\"async\" class=\"wp-image-197\" style=\"width: 730px; height: auto;\" src=\"https:\/\/aanessa.com\/jape\/wp-content\/uploads\/2025\/08\/japepalvelut.jpg\" alt=\"\" \/>Soitin- ja audio-huolto<\/h1>\n<p>Kitarat, bassot, s\u00e4hk\u00f6iset kosketinsoittimet, efektit ja Pa-laitteet.<\/p>\n<p>Huollon k\u00e4yntiosoite on Saksalansaarentie 30 Hankasalmi.<\/p>\n<p>Varsinaisia aukioloaikoja ei ole joten huollot tulee sopia aina etuk\u00e4teen puhelimitse. Yksityisasiakkaille maksutavat ovat ennakkolasku, Mobilepay tai k\u00e4teinen.<\/p>\n<p><br \/>Jyv\u00e4skyl\u00e4ss\u00e4 t\u00f6iden vastaanotto ja luovutus toimii my\u00f6s yhteisty\u00f6kumppaneiden kautta,<\/p>\n<p>Musikantti, Ahjokatu 8, <a href=\"https:\/\/www.musikantti.fi\" target=\"_blank\" rel=\"noopener\">https:\/\/www.musikantti.fi<\/a><\/p>\n<p>Soitinpaja Jasesoi, Rajakatu 30, <a href=\"https:\/\/jasesoi.fi\" target=\"_blank\" rel=\"noopener\">https:\/\/jasesoi.fi<\/a><\/p>\n<p>Vuorensaku Guitars, Seminaarinkatu 30, <a href=\"https:\/\/www.vuorensaku.fi\" target=\"_blank\" rel=\"noopener\"><u>https:\/\/www.vuorensaku.fi <\/u><\/a><br \/>Aukioloajat l\u00f6ytyv\u00e4t heid\u00e4n kotisivuiltaan.<\/p>\n<h1><strong>Asennuspalvelu<\/strong><\/h1>\n<p>Kiinte\u00e4t \u00e4\u00e4nentoistoj\u00e4rjestelm\u00e4t ja studiotekniikka.<\/p>\n<h1>Putkivahvistimien valmistus<\/h1>\n<p>Valmistan tilauksesta kitara ja bassovahvistimia asiakkaan toiveiden mukaisesti.<\/p>\n<p>Valmistamani laitteet t\u00e4ytt\u00e4v\u00e4t niiden turvallisuusvaatimukset ja niiden k\u00e4ytt\u00f6 on sallittua keikkapaikoilla sek\u00e4 j\u00e4lleenmyynti on sallittua.<\/p>\n<h1>Treenitila<\/h1>\n<p>Huollon yhteydess\u00e4 on my\u00f6s viihtyis\u00e4 ja hyvin akustoitu treenitila, jota vuokraan sovitusti joko kertaluonteisesti tai jatkuvammin.<\/p>\n<h1>\u00c4\u00e4nentoistopalvelu<\/h1>\n<p>Kohderyhm\u00e4t aina yksityistilaisuuksista salikonsertteihin ja pieniin ulkoilmatapahtumiin. Maksimi \u00e4\u00e4niteho n. 10kw. Digitaalimikserit aina 80-kanavaan saakka, analogimikserit 24kanavaan saakka.<\/p>\n<p>My\u00f6s valotekniikkaa on tarjolla.<\/p>\n<p>Yhteisty\u00f6ss\u00e4 Jaba-studion kanssa voimme j\u00e4rjest\u00e4\u00e4 suurempia tapahtumia.<\/p>\n<p><!-- \/wp:image --><\/p>\t\t\t\t\t\t\t\t<\/div>\n\t\t\t\t<\/div>\n\t\t\t\t<\/div>\n\t\t","protected":false},"excerpt":{"rendered":"<p>Soitin- ja audio-huolto Kitarat, bassot, s\u00e4hk\u00f6iset kosketinsoittimet, efektit ja Pa-laitteet. Huollon k\u00e4yntiosoite on Saksalansaarentie 30 Hankasalmi. Varsinaisia aukioloaikoja ei ole joten huollot tulee sopia aina etuk\u00e4teen puhelimitse. Yksityisasiakkaille maksutavat ovat ennakkolasku, Mobilepay tai k\u00e4teinen. Jyv\u00e4skyl\u00e4ss\u00e4 t\u00f6iden vastaanotto ja luovutus toimii my\u00f6s yhteisty\u00f6kumppaneiden kautta, Musikantti, Ahjokatu 8, https:\/\/www.musikantti.fi Soitinpaja Jasesoi, Rajakatu 30, https:\/\/jasesoi.fi Vuorensaku Guitars, Seminaarinkatu [&hellip;]<\/p>\n","protected":false},"author":1,"featured_media":0,"parent":0,"menu_order":0,"comment_status":"closed","ping_status":"closed","template":"elementor_theme","meta":{"footnotes":""},"class_list":["post-190","page","type-page","status-publish","hentry"],"yoast_head":"<!-- This site is optimized with the Yoast SEO plugin v26.4 - https:\/\/yoast.com\/wordpress\/plugins\/seo\/ -->\n<title>Palvelut - \u00c4\u00e4ness\u00e4<\/title>\n<meta name=\"robots\" content=\"index, follow, max-snippet:-1, max-image-preview:large, max-video-preview:-1\" \/>\n<link rel=\"canonical\" href=\"https:\/\/aanessa.com\/jarmo\/palvelut\/\" \/>\n<meta property=\"og:locale\" content=\"en_US\" \/>\n<meta property=\"og:type\" content=\"article\" \/>\n<meta property=\"og:title\" content=\"Palvelut - \u00c4\u00e4ness\u00e4\" \/>\n<meta property=\"og:description\" content=\"Soitin- ja audio-huolto Kitarat, bassot, s\u00e4hk\u00f6iset kosketinsoittimet, efektit ja Pa-laitteet. Huollon k\u00e4yntiosoite on Saksalansaarentie 30 Hankasalmi. Varsinaisia aukioloaikoja ei ole joten huollot tulee sopia aina etuk\u00e4teen puhelimitse. Yksityisasiakkaille maksutavat ovat ennakkolasku, Mobilepay tai k\u00e4teinen. Jyv\u00e4skyl\u00e4ss\u00e4 t\u00f6iden vastaanotto ja luovutus toimii my\u00f6s yhteisty\u00f6kumppaneiden kautta, Musikantti, Ahjokatu 8, https:\/\/www.musikantti.fi Soitinpaja Jasesoi, Rajakatu 30, https:\/\/jasesoi.fi Vuorensaku Guitars, Seminaarinkatu [&hellip;]\" \/>\n<meta property=\"og:url\" content=\"https:\/\/aanessa.com\/jarmo\/palvelut\/\" \/>\n<meta property=\"og:site_name\" content=\"\u00c4\u00e4ness\u00e4\" \/>\n<meta property=\"article:modified_time\" content=\"2025-09-08T12:15:41+00:00\" \/>\n<meta name=\"twitter:card\" content=\"summary_large_image\" \/>\n<meta name=\"twitter:label1\" content=\"Est. reading time\" \/>\n\t<meta name=\"twitter:data1\" content=\"1 minute\" \/>\n<script type=\"application\/ld+json\" class=\"yoast-schema-graph\">{\"@context\":\"https:\/\/schema.org\",\"@graph\":[{\"@type\":\"WebPage\",\"@id\":\"https:\/\/aanessa.com\/jarmo\/palvelut\/\",\"url\":\"https:\/\/aanessa.com\/jarmo\/palvelut\/\",\"name\":\"Palvelut - \u00c4\u00e4ness\u00e4\",\"isPartOf\":{\"@id\":\"https:\/\/aanessa.com\/jarmo\/#website\"},\"primaryImageOfPage\":{\"@id\":\"https:\/\/aanessa.com\/jarmo\/palvelut\/#primaryimage\"},\"image\":{\"@id\":\"https:\/\/aanessa.com\/jarmo\/palvelut\/#primaryimage\"},\"thumbnailUrl\":\"https:\/\/aanessa.com\/jape\/wp-content\/uploads\/2025\/08\/japepalvelut.jpg\",\"datePublished\":\"2025-08-31T22:03:00+00:00\",\"dateModified\":\"2025-09-08T12:15:41+00:00\",\"breadcrumb\":{\"@id\":\"https:\/\/aanessa.com\/jarmo\/palvelut\/#breadcrumb\"},\"inLanguage\":\"en-US\",\"potentialAction\":[{\"@type\":\"ReadAction\",\"target\":[\"https:\/\/aanessa.com\/jarmo\/palvelut\/\"]}]},{\"@type\":\"ImageObject\",\"inLanguage\":\"en-US\",\"@id\":\"https:\/\/aanessa.com\/jarmo\/palvelut\/#primaryimage\",\"url\":\"https:\/\/aanessa.com\/jape\/wp-content\/uploads\/2025\/08\/japepalvelut.jpg\",\"contentUrl\":\"https:\/\/aanessa.com\/jape\/wp-content\/uploads\/2025\/08\/japepalvelut.jpg\"},{\"@type\":\"BreadcrumbList\",\"@id\":\"https:\/\/aanessa.com\/jarmo\/palvelut\/#breadcrumb\",\"itemListElement\":[{\"@type\":\"ListItem\",\"position\":1,\"name\":\"Home\",\"item\":\"https:\/\/aanessa.com\/jarmo\/\"},{\"@type\":\"ListItem\",\"position\":2,\"name\":\"Palvelut\"}]},{\"@type\":\"WebSite\",\"@id\":\"https:\/\/aanessa.com\/jarmo\/#website\",\"url\":\"https:\/\/aanessa.com\/jarmo\/\",\"name\":\"\u00c4\u00e4ness\u00e4\",\"description\":\"\",\"potentialAction\":[{\"@type\":\"SearchAction\",\"target\":{\"@type\":\"EntryPoint\",\"urlTemplate\":\"https:\/\/aanessa.com\/jarmo\/?s={search_term_string}\"},\"query-input\":{\"@type\":\"PropertyValueSpecification\",\"valueRequired\":true,\"valueName\":\"search_term_string\"}}],\"inLanguage\":\"en-US\"}]}<\/script>\n<!-- \/ Yoast SEO plugin. -->","yoast_head_json":{"title":"Palvelut - \u00c4\u00e4ness\u00e4","robots":{"index":"index","follow":"follow","max-snippet":"max-snippet:-1","max-image-preview":"max-image-preview:large","max-video-preview":"max-video-preview:-1"},"canonical":"https:\/\/aanessa.com\/jarmo\/palvelut\/","og_locale":"en_US","og_type":"article","og_title":"Palvelut - \u00c4\u00e4ness\u00e4","og_description":"Soitin- ja audio-huolto Kitarat, bassot, s\u00e4hk\u00f6iset kosketinsoittimet, efektit ja Pa-laitteet. Huollon k\u00e4yntiosoite on Saksalansaarentie 30 Hankasalmi. Varsinaisia aukioloaikoja ei ole joten huollot tulee sopia aina etuk\u00e4teen puhelimitse. Yksityisasiakkaille maksutavat ovat ennakkolasku, Mobilepay tai k\u00e4teinen. Jyv\u00e4skyl\u00e4ss\u00e4 t\u00f6iden vastaanotto ja luovutus toimii my\u00f6s yhteisty\u00f6kumppaneiden kautta, Musikantti, Ahjokatu 8, https:\/\/www.musikantti.fi Soitinpaja Jasesoi, Rajakatu 30, https:\/\/jasesoi.fi Vuorensaku Guitars, Seminaarinkatu [&hellip;]","og_url":"https:\/\/aanessa.com\/jarmo\/palvelut\/","og_site_name":"\u00c4\u00e4ness\u00e4","article_modified_time":"2025-09-08T12:15:41+00:00","twitter_card":"summary_large_image","twitter_misc":{"Est. reading time":"1 minute"},"schema":{"@context":"https:\/\/schema.org","@graph":[{"@type":"WebPage","@id":"https:\/\/aanessa.com\/jarmo\/palvelut\/","url":"https:\/\/aanessa.com\/jarmo\/palvelut\/","name":"Palvelut - \u00c4\u00e4ness\u00e4","isPartOf":{"@id":"https:\/\/aanessa.com\/jarmo\/#website"},"primaryImageOfPage":{"@id":"https:\/\/aanessa.com\/jarmo\/palvelut\/#primaryimage"},"image":{"@id":"https:\/\/aanessa.com\/jarmo\/palvelut\/#primaryimage"},"thumbnailUrl":"https:\/\/aanessa.com\/jape\/wp-content\/uploads\/2025\/08\/japepalvelut.jpg","datePublished":"2025-08-31T22:03:00+00:00","dateModified":"2025-09-08T12:15:41+00:00","breadcrumb":{"@id":"https:\/\/aanessa.com\/jarmo\/palvelut\/#breadcrumb"},"inLanguage":"en-US","potentialAction":[{"@type":"ReadAction","target":["https:\/\/aanessa.com\/jarmo\/palvelut\/"]}]},{"@type":"ImageObject","inLanguage":"en-US","@id":"https:\/\/aanessa.com\/jarmo\/palvelut\/#primaryimage","url":"https:\/\/aanessa.com\/jape\/wp-content\/uploads\/2025\/08\/japepalvelut.jpg","contentUrl":"https:\/\/aanessa.com\/jape\/wp-content\/uploads\/2025\/08\/japepalvelut.jpg"},{"@type":"BreadcrumbList","@id":"https:\/\/aanessa.com\/jarmo\/palvelut\/#breadcrumb","itemListElement":[{"@type":"ListItem","position":1,"name":"Home","item":"https:\/\/aanessa.com\/jarmo\/"},{"@type":"ListItem","position":2,"name":"Palvelut"}]},{"@type":"WebSite","@id":"https:\/\/aanessa.com\/jarmo\/#website","url":"https:\/\/aanessa.com\/jarmo\/","name":"\u00c4\u00e4ness\u00e4","description":"","potentialAction":[{"@type":"SearchAction","target":{"@type":"EntryPoint","urlTemplate":"https:\/\/aanessa.com\/jarmo\/?s={search_term_string}"},"query-input":{"@type":"PropertyValueSpecification","valueRequired":true,"valueName":"search_term_string"}}],"inLanguage":"en-US"}]}},"jetpack_sharing_enabled":true,"_links":{"self":[{"href":"https:\/\/aanessa.com\/jarmo\/wp-json\/wp\/v2\/pages\/190","targetHints":{"allow":["GET"]}}],"collection":[{"href":"https:\/\/aanessa.com\/jarmo\/wp-json\/wp\/v2\/pages"}],"about":[{"href":"https:\/\/aanessa.com\/jarmo\/wp-json\/wp\/v2\/types\/page"}],"author":[{"embeddable":true,"href":"https:\/\/aanessa.com\/jarmo\/wp-json\/wp\/v2\/users\/1"}],"replies":[{"embeddable":true,"href":"https:\/\/aanessa.com\/jarmo\/wp-json\/wp\/v2\/comments?post=190"}],"version-history":[{"count":27,"href":"https:\/\/aanessa.com\/jarmo\/wp-json\/wp\/v2\/pages\/190\/revisions"}],"predecessor-version":[{"id":384,"href":"https:\/\/aanessa.com\/jarmo\/wp-json\/wp\/v2\/pages\/190\/revisions\/384"}],"wp:attachment":[{"href":"https:\/\/aanessa.com\/jarmo\/wp-json\/wp\/v2\/media?parent=190"}],"curies":[{"name":"wp","href":"https:\/\/api.w.org\/{rel}","templated":true}]}}