{"id":2,"date":"2025-08-20T19:07:14","date_gmt":"2025-08-20T19:07:14","guid":{"rendered":"https:\/\/aanessa.com\/wordpress\/?page_id=2"},"modified":"2025-09-08T16:48:43","modified_gmt":"2025-09-08T16:48:43","slug":"palvelut","status":"publish","type":"page","link":"https:\/\/aanessa.com\/jaba\/palvelut\/","title":{"rendered":"Palvelut"},"content":{"rendered":"\n<pre class=\"wp-block-preformatted has-small-font-size\"><br><strong><mark style=\"background-color:rgba(0, 0, 0, 0);color:#cf2e2e\" class=\"has-inline-color\">Studion tekniikkaa ja kalustoa<\/mark><\/strong><br><br>Studiossa on t\u00e4ll\u00e4 hetkell\u00e4 (27.1.2025\u2013kev\u00e4\u00e4n 2025 loppuun) tarkkaamoremontti, mutta se ei haittaa \u00e4\u00e4nityksi\u00e4 sin\u00e4ns\u00e4. Tarkkaamoremontti tulee palvelemaan valmistuttuaan enemm\u00e4nkin sitten siell\u00e4 miksaus- ja masterointipuolella. T\u00e4ss\u00e4 tiivistetty katsaus JaBan tiloihin ja tekniikkaan:<br><br>\u2022 Tiloina on ns. \"puutila\", jossa on viime aikoina \u00e4\u00e4nitetty l\u00e4hes kaikki rummut. Tila soi hyvin ja on toiminut erinomaisesti my\u00f6s akustisten kitaroiden ja puhaltimien \u00e4\u00e4nityksiss\u00e4. Tila on sen verran iso, ett\u00e4 siell\u00e4 on \u00e4\u00e4nitetty my\u00f6s b\u00e4ndipohjia kaikkien soittajien ollessa samassa tilassa.<br><br>\u2022 Laulukoppi on kuiva, erillinen tila nykyisen tarkkaamon vieress\u00e4.<br><br>\u2022 Tarkkaamon vieress\u00e4 on my\u00f6s toinen vastaava, pieni \u00e4\u00e4nitystila. Sinne on usein laitettu esim. kitaravahvistin kun on \u00e4\u00e4nitelty useampia raitoja kerralla\u2013ja muutenkin.<br><br>\u2022 Kunhan uusi tarkkaamo valmistuu Riionheimon Jannen suunnittelemana, tulee nykyisest\u00e4 tarkkaamosta keskikokoinen, kuivahko \u00e4\u00e4nitystila.<br><br>\u2022 Keskell\u00e4 studiorakennusta on ns. sosiaalitila, eli pieni keitti\u00f6 ja vessa, josta l\u00f6ytyy my\u00f6s suihku. Keitti\u00f6ss\u00e4 on hella, kylm\u00e4t ja kuumat vedet, mikro, j\u00e4\u00e4kaappi ja jonkun verran astioitakin niin ett\u00e4 kyll\u00e4 siell\u00e4 p\u00e4rj\u00e4ilee.<br><br>\u2022 T\u00e4ysdigitaalinen \u00e4\u00e4nitysj\u00e4rjestelm\u00e4<br><br>\u2022 P\u00e4\u00e4-\u00e4\u00e4nikorttina RME:n UFX+, jossa MADI-laajennus. Laajennuksena Ferrofishin Pulse 16-kanavainen AD-muunnin ja MOTU:n 8pre<br><br>\u2022 Esiasteita on muun muassa Universal Audio 2-610, useampi Focusrite, ja tietysti my\u00f6s RME:n ja MOTU:n omat<br><br>\u2022 Efektipuolella l\u00f6ytyy mm. Lexicon 480L, TC Electronicsin M5000, Warm Audion WA 76 kompressoreja ja sit\u00e4 rataa<br><br>\u2022 Samuli kun on kitaristi niin erilaisia vahvistimia l\u00f6ytyy pilvin pimein, samoin kitaroita, niin s\u00e4hk\u00f6- kuin akustisiakin<br><br>\u2022 Kosketinpuolelta l\u00f6ytyy Nord Stage 3, Rolandin V8 urkumoduli, aito Leslie-kaappi, yms.<br><br>\u2022 Bassoja on muutama, ehk\u00e4 eniten on k\u00e4ytetty Fenderin Precisionia<br><br>\u2022 Lauluja on \u00e4\u00e4nitetty etup\u00e4\u00e4ss\u00e4 Roden K2 putkimikill\u00e4, mutta l\u00f6ytyy my\u00f6s AKG:n 414 pari, AT3035 pari ja aika paljon muitakin vaihtoehtoja<br><br>\u2022 L\u00f6ytyy my\u00f6s Shuren KSM141 stereopari, pari Sennheiserin 421 mikkej\u00e4, yms.<br><br>\u2022 Kuunteluj\u00e4rjestelm\u00e4 perustuu Behringerin digitaaliseen systeemiin, jota ajetaan RME:n kautta. Soittajille l\u00f6ytyy oma pikkumikseri, josta saa ruuvattua mieleisens\u00e4, itsen\u00e4isen soundin.<br><br><strong><mark style=\"background-color:rgba(0, 0, 0, 0);color:#cf2e2e\" class=\"has-inline-color\">Kalustoa pienille ja keskisuurille keikoille<\/mark><br><\/strong><br>JaBa vuokraa my\u00f6s keikkakalustoa. Sit\u00e4 on tullut hommattua erityisesti Voice-kuoron tarpeisiin. On iso b\u00e4ndi ja paljon laulajia. Tarvitaan siis paljon mikrofoneja ja kanavia mikseriss\u00e4.  Olemme tehneet \u00e4\u00e4nt\u00e4 n. 500 hengen tilaisuuksiin ongelmitta, mutta \u00e4\u00e4nen voimakkuuden ei noissa konserteissa ole toki tarvinnut olla ihan rokkikeikkatasolla. T\u00e4llaista:<br><br>\u2022 Souncraftin digitaalimikseri MADI-lis\u00e4yksell\u00e4 eli saadaan 64 kanavaa. Siin\u00e4 on lis\u00e4ksi Soundcraftin lavarasia (32), joka toimii mikserin suuntaan Ethernet-kaapelilla. Voi tehd\u00e4 pitki\u00e4 vetoja. Mikseri\u00e4 pystyy ohjaamaan esim. iPadilla Soundcraftin omalla ohjelmistolla.<br><br>\u2022 L\u00f6ytyy my\u00f6s Yamahan 16-kanavainen passiivimikseri, jos tarvetta sellaiselle<br><br>\u2022 Yamahan aktiiviset yl\u00e4p\u00e4\u00e4t (puusarja, 1000w) 2 kpl<br><br>\u2022 dB:n aktiiviset subbarit (2 kpl), 1000w<br><br>\u2022 dB:n monitoreja 2 kpl (10\")<br><br>\u2022 ANT-monitoreja 2 kpl (12\")<br><br>\u2022 FPT Jolly aktiivimonitoreja 2 kpl (pienet)<br><br>\u2022 Mikrofoneja rumpujen mikitt\u00e4miseen runsaasti<br><br>\u2022 Laulumikrofoneja: Sennheiser 935 (14 kpl), Shure 58 ja 57 useita kappaleita<br><br>\u2022 Telineit\u00e4 moneen l\u00e4ht\u00f6\u00f6n<br><br>\u2022 Lis\u00e4ksi muuta perustilpeh\u00f6\u00f6ri\u00e4, kuten DI-bokseja, kaapeleita, s\u00e4hk\u00f6j\u00e4, yms.<br><br>\u2022 Tarvittaessa l\u00f6ytyy keikalle my\u00f6s pakettiauto (Peugeot Expert, vm. 2022, tilaa 6 m3)<br><br>Vuokrahintoja neuvotellaan tarpeiden ja kaluston mukaan.<br><br><strong><mark style=\"background-color:rgba(0, 0, 0, 0);color:#cf2e2e\" class=\"has-inline-color\">Striimit ja musiikkivideot<\/mark><\/strong><br><br>JaBalla on kaksi Canon XA55 videokameraa telineineen sek\u00e4 striimaukseen tarvittavat koodaimet niin, ett\u00e4 striimej\u00e4 pystyy JaBan tiloista ja sen laitteilla l\u00e4hett\u00e4m\u00e4\u00e4n reaaliaikaisesti. Striimien tarve on korona-aikojen j\u00e4lkeen ainakin meill\u00e4 v\u00e4hentynyt, mutta olemme tehneet mm. JP Lepp\u00e4luodon ja Noora Louhimon joulustriimit t\u00e4\u00e4lt\u00e4 ja hyvinh\u00e4n ne onnistuivat. Kalusto on toki siirrett\u00e4v\u00e4, joten vuokratakin sit\u00e4 voi.<br><br>Musiikkivideoiden tekemiseen l\u00f6ytyy valmius my\u00f6s esimerkiksi, jos asiakas haluaa tehd\u00e4 ns. sessiovideon. Kyll\u00e4h\u00e4n kalustoa muihinkin kuvauspaikkoihin toki voi vied\u00e4. Editointisoftana l\u00f6ytyy Final Cut Pro. Tiimiss\u00e4mme on siis osaamista my\u00f6s videoeditoinnin saralla, jos sellaiselle tarvetta on. <br><br>Alla yksi esimerkki Trust No One porukan sessiovideosta, joka kuvattiin studiolla yll\u00e4 mainituilla kameroilla ja jonka TNO:n Joni editoi.<br><br><\/pre>\n\n\n\n<figure class=\"wp-block-embed is-type-video is-provider-youtube wp-block-embed-youtube wp-embed-aspect-16-9 wp-has-aspect-ratio\"><div class=\"wp-block-embed__wrapper\">\n<iframe title=\"Trust No One - Enjoy the Silence (Depeche Mode Cover) | [BL\u00ae]\" width=\"500\" height=\"281\" src=\"https:\/\/www.youtube.com\/embed\/K7aU60BedBY?start=7&#038;feature=oembed\" frameborder=\"0\" allow=\"accelerometer; autoplay; clipboard-write; encrypted-media; gyroscope; picture-in-picture; web-share\" referrerpolicy=\"strict-origin-when-cross-origin\" allowfullscreen><\/iframe>\n<\/div><\/figure>\n","protected":false},"excerpt":{"rendered":"<p>Studion tekniikkaa ja kalustoaStudiossa on t\u00e4ll\u00e4 hetkell\u00e4 (27.1.2025\u2013kev\u00e4\u00e4n 2025 loppuun) tarkkaamoremontti, mutta se ei haittaa \u00e4\u00e4nityksi\u00e4 sin\u00e4ns\u00e4. Tarkkaamoremontti tulee palvelemaan valmistuttuaan enemm\u00e4nkin sitten siell\u00e4 miksaus- ja masterointipuolella. T\u00e4ss\u00e4 tiivistetty katsaus JaBan tiloihin ja tekniikkaan:\u2022 Tiloina on ns. &#8220;puutila&#8221;, jossa on viime aikoina \u00e4\u00e4nitetty l\u00e4hes kaikki rummut. Tila soi hyvin ja on toiminut erinomaisesti my\u00f6s akustisten [&hellip;]<\/p>\n","protected":false},"author":1,"featured_media":0,"parent":0,"menu_order":0,"comment_status":"closed","ping_status":"closed","template":"","meta":{"footnotes":""},"class_list":["post-2","page","type-page","status-publish","hentry"],"yoast_head":"<!-- This site is optimized with the Yoast SEO plugin v26.4 - https:\/\/yoast.com\/wordpress\/plugins\/seo\/ -->\n<title>Palvelut - \u00c4\u00e4ness\u00e4<\/title>\n<meta name=\"robots\" content=\"index, follow, max-snippet:-1, max-image-preview:large, max-video-preview:-1\" \/>\n<link rel=\"canonical\" href=\"https:\/\/aanessa.com\/jaba\/palvelut\/\" \/>\n<meta property=\"og:locale\" content=\"en_US\" \/>\n<meta property=\"og:type\" content=\"article\" \/>\n<meta property=\"og:title\" content=\"Palvelut - \u00c4\u00e4ness\u00e4\" \/>\n<meta property=\"og:description\" content=\"Studion tekniikkaa ja kalustoaStudiossa on t\u00e4ll\u00e4 hetkell\u00e4 (27.1.2025\u2013kev\u00e4\u00e4n 2025 loppuun) tarkkaamoremontti, mutta se ei haittaa \u00e4\u00e4nityksi\u00e4 sin\u00e4ns\u00e4. Tarkkaamoremontti tulee palvelemaan valmistuttuaan enemm\u00e4nkin sitten siell\u00e4 miksaus- ja masterointipuolella. T\u00e4ss\u00e4 tiivistetty katsaus JaBan tiloihin ja tekniikkaan:\u2022 Tiloina on ns. &quot;puutila&quot;, jossa on viime aikoina \u00e4\u00e4nitetty l\u00e4hes kaikki rummut. Tila soi hyvin ja on toiminut erinomaisesti my\u00f6s akustisten [&hellip;]\" \/>\n<meta property=\"og:url\" content=\"https:\/\/aanessa.com\/jaba\/palvelut\/\" \/>\n<meta property=\"og:site_name\" content=\"\u00c4\u00e4ness\u00e4\" \/>\n<meta property=\"article:modified_time\" content=\"2025-09-08T16:48:43+00:00\" \/>\n<meta name=\"twitter:card\" content=\"summary_large_image\" \/>\n<meta name=\"twitter:label1\" content=\"Est. reading time\" \/>\n\t<meta name=\"twitter:data1\" content=\"1 minute\" \/>\n<script type=\"application\/ld+json\" class=\"yoast-schema-graph\">{\"@context\":\"https:\/\/schema.org\",\"@graph\":[{\"@type\":\"WebPage\",\"@id\":\"https:\/\/aanessa.com\/jaba\/palvelut\/\",\"url\":\"https:\/\/aanessa.com\/jaba\/palvelut\/\",\"name\":\"Palvelut - \u00c4\u00e4ness\u00e4\",\"isPartOf\":{\"@id\":\"https:\/\/aanessa.com\/jaba\/#website\"},\"datePublished\":\"2025-08-20T19:07:14+00:00\",\"dateModified\":\"2025-09-08T16:48:43+00:00\",\"breadcrumb\":{\"@id\":\"https:\/\/aanessa.com\/jaba\/palvelut\/#breadcrumb\"},\"inLanguage\":\"en-US\",\"potentialAction\":[{\"@type\":\"ReadAction\",\"target\":[\"https:\/\/aanessa.com\/jaba\/palvelut\/\"]}]},{\"@type\":\"BreadcrumbList\",\"@id\":\"https:\/\/aanessa.com\/jaba\/palvelut\/#breadcrumb\",\"itemListElement\":[{\"@type\":\"ListItem\",\"position\":1,\"name\":\"Home\",\"item\":\"https:\/\/aanessa.com\/jaba\/\"},{\"@type\":\"ListItem\",\"position\":2,\"name\":\"Palvelut\"}]},{\"@type\":\"WebSite\",\"@id\":\"https:\/\/aanessa.com\/jaba\/#website\",\"url\":\"https:\/\/aanessa.com\/jaba\/\",\"name\":\"\u00c4\u00e4ness\u00e4\",\"description\":\"\",\"potentialAction\":[{\"@type\":\"SearchAction\",\"target\":{\"@type\":\"EntryPoint\",\"urlTemplate\":\"https:\/\/aanessa.com\/jaba\/?s={search_term_string}\"},\"query-input\":{\"@type\":\"PropertyValueSpecification\",\"valueRequired\":true,\"valueName\":\"search_term_string\"}}],\"inLanguage\":\"en-US\"}]}<\/script>\n<!-- \/ Yoast SEO plugin. -->","yoast_head_json":{"title":"Palvelut - \u00c4\u00e4ness\u00e4","robots":{"index":"index","follow":"follow","max-snippet":"max-snippet:-1","max-image-preview":"max-image-preview:large","max-video-preview":"max-video-preview:-1"},"canonical":"https:\/\/aanessa.com\/jaba\/palvelut\/","og_locale":"en_US","og_type":"article","og_title":"Palvelut - \u00c4\u00e4ness\u00e4","og_description":"Studion tekniikkaa ja kalustoaStudiossa on t\u00e4ll\u00e4 hetkell\u00e4 (27.1.2025\u2013kev\u00e4\u00e4n 2025 loppuun) tarkkaamoremontti, mutta se ei haittaa \u00e4\u00e4nityksi\u00e4 sin\u00e4ns\u00e4. Tarkkaamoremontti tulee palvelemaan valmistuttuaan enemm\u00e4nkin sitten siell\u00e4 miksaus- ja masterointipuolella. T\u00e4ss\u00e4 tiivistetty katsaus JaBan tiloihin ja tekniikkaan:\u2022 Tiloina on ns. \"puutila\", jossa on viime aikoina \u00e4\u00e4nitetty l\u00e4hes kaikki rummut. Tila soi hyvin ja on toiminut erinomaisesti my\u00f6s akustisten [&hellip;]","og_url":"https:\/\/aanessa.com\/jaba\/palvelut\/","og_site_name":"\u00c4\u00e4ness\u00e4","article_modified_time":"2025-09-08T16:48:43+00:00","twitter_card":"summary_large_image","twitter_misc":{"Est. reading time":"1 minute"},"schema":{"@context":"https:\/\/schema.org","@graph":[{"@type":"WebPage","@id":"https:\/\/aanessa.com\/jaba\/palvelut\/","url":"https:\/\/aanessa.com\/jaba\/palvelut\/","name":"Palvelut - \u00c4\u00e4ness\u00e4","isPartOf":{"@id":"https:\/\/aanessa.com\/jaba\/#website"},"datePublished":"2025-08-20T19:07:14+00:00","dateModified":"2025-09-08T16:48:43+00:00","breadcrumb":{"@id":"https:\/\/aanessa.com\/jaba\/palvelut\/#breadcrumb"},"inLanguage":"en-US","potentialAction":[{"@type":"ReadAction","target":["https:\/\/aanessa.com\/jaba\/palvelut\/"]}]},{"@type":"BreadcrumbList","@id":"https:\/\/aanessa.com\/jaba\/palvelut\/#breadcrumb","itemListElement":[{"@type":"ListItem","position":1,"name":"Home","item":"https:\/\/aanessa.com\/jaba\/"},{"@type":"ListItem","position":2,"name":"Palvelut"}]},{"@type":"WebSite","@id":"https:\/\/aanessa.com\/jaba\/#website","url":"https:\/\/aanessa.com\/jaba\/","name":"\u00c4\u00e4ness\u00e4","description":"","potentialAction":[{"@type":"SearchAction","target":{"@type":"EntryPoint","urlTemplate":"https:\/\/aanessa.com\/jaba\/?s={search_term_string}"},"query-input":{"@type":"PropertyValueSpecification","valueRequired":true,"valueName":"search_term_string"}}],"inLanguage":"en-US"}]}},"jetpack_sharing_enabled":true,"_links":{"self":[{"href":"https:\/\/aanessa.com\/jaba\/wp-json\/wp\/v2\/pages\/2","targetHints":{"allow":["GET"]}}],"collection":[{"href":"https:\/\/aanessa.com\/jaba\/wp-json\/wp\/v2\/pages"}],"about":[{"href":"https:\/\/aanessa.com\/jaba\/wp-json\/wp\/v2\/types\/page"}],"author":[{"embeddable":true,"href":"https:\/\/aanessa.com\/jaba\/wp-json\/wp\/v2\/users\/1"}],"replies":[{"embeddable":true,"href":"https:\/\/aanessa.com\/jaba\/wp-json\/wp\/v2\/comments?post=2"}],"version-history":[{"count":53,"href":"https:\/\/aanessa.com\/jaba\/wp-json\/wp\/v2\/pages\/2\/revisions"}],"predecessor-version":[{"id":220,"href":"https:\/\/aanessa.com\/jaba\/wp-json\/wp\/v2\/pages\/2\/revisions\/220"}],"wp:attachment":[{"href":"https:\/\/aanessa.com\/jaba\/wp-json\/wp\/v2\/media?parent=2"}],"curies":[{"name":"wp","href":"https:\/\/api.w.org\/{rel}","templated":true}]}}